econd derivative of -l**3/6 - 11*l**2/2 - 30*l. Let q be j(-11). Suppose -5*x = o - 261 - 322, q = -2*o + 4*x + 1166. Is o a composite number?
True
Suppose 18*f - 13*f = 18015. Is ((-154)/66)/((-1)/f) prime?
False
Suppose -26*l + 1460 + 13204 = 0. Let o be (-2)/9 + (-4118)/18. Let v = o + l. Is v a composite number?
True
Let v(q) = 9*q + 14. Let x = -31 + 45. Let t(k) = k**2 - 11*k - 29. Let l be t(x). Is v(l) composite?
False
Suppose 4 = 5*l - 6. Suppose t - 2*h - 4 = 0, 0 = -4*h + 6*h + l. Suppose 0 = a - 5*v - 214, v - 386 = -t*a - 3*v. Is a a composite number?
False
Let z = 17007 - 24492. Let a = 10504 + z. Is a composite?
False
Let f = 27 + -31. Let u(p) = 77*p**2 - 3*p. Let o be u(f). Suppose o = -23*b + 25*b. Is b a prime number?
False
Let d be (4/(12/(-3)) - -19)*1. Suppose 25 = 5*l, -4*m + l - 59 + d = 0. Is (-3525)/m - 4/6 prime?
False
Suppose 2*g - 37 = h, -3*g + 0*h - 3*h = -33. Is (-6379)/(-9) + g/72 composite?
False
Suppose -1692 = 2*a - 4*s, 4*a + 3414 = s - 3*s. Let w(f) = -f**2 - 21*f - 80. Let t be w(-17). Is ((-6)/t)/((-2)/a) a prime number?
False
Let d(u) = 1496*u + 215. Suppose 260 + 64 = 18*a. Is d(a) a prime number?
True
Let h(b) = -427*b + 6. Let t be h(-3). Suppose 3*v - t - 6432 = 0. Is v a prime number?
False
Let f = -81 + 82. Suppose 0*q = -a + 5*q + 33, -3*a = 5*q + f. Let g(w) = 504*w - 43. Is g(a) composite?
False
Suppose -12161042 = -22*r + 14821452. Is r composite?
True
Let x(y) = 621*y**2 + 48*y + 5. Let p be ((-150)/20 + 7)/((-2)/16). Is x(p) a composite number?
False
Let t(k) = -10115*k + 6141. Is t(-90) prime?
False
Let l = 26547 + 143894. Is l a prime number?
True
Let o = 2094 - 4492. Suppose -14 = 2*r - 6. Is (o/(-3))/((-14)/(-21)) - r a prime number?
False
Suppose 2*h = -3*c + 2 + 3, 4*h = c + 31. Suppose 2*k = k - h*k. Is ((-14)/(-16)*-2 - k)*-916 a prime number?
False
Let a = -38 - -75. Let v = 42 - a. Suppose v*j - 8*j + 1611 = 0. Is j a prime number?
False
Suppose -b - 50537 = -2*o, 4*o - 62927 = 4*b + 38153. Is o a composite number?
True
Suppose 0 = -3*a - 6, 5*p - 9*p - 4*a + 66156 = 0. Suppose 0 = x - 4, -3*j + p = -4*x + 9*x. Is j a prime number?
True
Let o = -94 + 99. Suppose -13952 = o*w - 75517. Is w a prime number?
False
Let n = 167 + -28. Let o = n + 5. Let m = o + -57. Is m a prime number?
False
Is (10200826/148)/((-2)/(-4)) a prime number?
True
Let p = 55 + -58. Let i be -2 - -3*p/27*-15. Suppose 1319 + 7318 = i*s. Is s a prime number?
True
Let j(t) = 1092*t**2 + 2*t. Let a be j(-1). Suppose -5*g + m = -4*m - a, 2*g = -4*m + 442. Suppose -3*u + 4*u - g = 0. Is u composite?
True
Suppose -2*f + 4658 + 11836 = v, 0 = -4*v + 16. Let m = -5223 + f. Is m prime?
False
Let x(o) = 1258*o**2 + 152*o - 1645. Is x(11) prime?
False
Let k = 145 - 178. Is k - -28 - (-5)/((-5)/(-6426)) composite?
False
Is (-4852*(-9)/(-36))/((-5)/355) a composite number?
True
Let c(g) = -458*g - 11. Let p = -31 + 28. Let u(h) = 2*h + 2. Let t be u(p). Is c(t) prime?
False
Let w(k) = -13*k**2 + 28*k - 14. Let l(i) = 14*i**2 - 27*i + 13. Let x(c) = 3*l(c) + 2*w(c). Is x(-6) a prime number?
False
Let g(v) = v**3 + 6*v**2 - 2*v + 3. Let m be g(-6). Suppose -o = -3*b + 2551, m*b + o = 14*b + 853. Is b a composite number?
True
Suppose -5*p + 4377 - 37 = 0. Let b = 12 + -10. Suppose 2*k = f - p - 269, -2*f = b*k - 2268. Is f a prime number?
False
Let v be 10 + (-2*3 - -4). Let b be (-4)/v + 3/2. Is (b*-1)/((3/(-7809))/1) a composite number?
True
Suppose -8*z = -3*z - 25. Suppose 10 = 5*l, z*c + 5*l - 21 = 14. Suppose -c*q = o - 2449, -5*q = 5*o - 9*q - 12129. Is o a prime number?
False
Let j = -102 + 101. Is (j - 5) + -7 + 875 a prime number?
False
Let u(p) = -13503*p - 1435. Is u(-14) composite?
True
Let o(b) = -b**3 - 1. Let x(u) = 17*u**3 + 0*u**2 + 3*u + 11 - u - u**2 + 2*u. Let v(t) = -2*o(t) - x(t). Is v(-4) composite?
False
Suppose 3*d = -5*l + 11159, 2*d + 7437 = 4*d + l. Suppose -2*r - d = -178. Is ((-2)/5)/(12/r) a prime number?
True
Let n be (21/28)/(-3)*0/3. Suppose -12*h + 18*h - 13386 = n. Is h a composite number?
True
Let r(y) = y**3 + y**2 + 8*y - 1012. Let a be r(0). Let v = 1691 + a. Is v prime?
False
Let k = -10 - -15. Suppose -k = -3*h + 10. Is 1233/h + 4 + 4/10 a composite number?
False
Let i(f) = 2*f**3 + 16*f**2 + 2*f + 18. Let c be i(-8). Is (1 - c)*(8 - 4279) a prime number?
True
Let j(o) = 5779*o**3 + 4*o**2 + 3*o + 2. Let l be j(2). Suppose 11907 = 7*a - l. Is a composite?
True
Let q(v) = 23*v**2 - 7*v + 58. Let z be q(6). Suppose z = -15*r + 17*r. Is r a composite number?
True
Is 9/((-36)/(-530536)) + -35 + 32 a composite number?
False
Let j be 1 - ((-12)/36 - 22/6). Suppose 56537 = j*a - 4*m, a - 3*m = -4*a + 56539. Is a prime?
False
Let h(y) = -3808*y - 2321. Is h(-31) a composite number?
False
Let m = 91355 + 124372. Is m composite?
True
Suppose -3*j = 4*h + 29, 2*h + 7*j - 2*j + 25 = 0. Let k be 1*(h + 386)*-1. Is (-5 + 2)*(-1)/((-9)/k) a composite number?
False
Let u(l) = l**2 - 11*l - 24. Let v be u(12). Let c = 18 + v. Suppose 10*z - 4972 = c*z. Is z a prime number?
False
Let s = 136 - 34. Let g be 1/(1/3*(-42)/(-1246)). Let q = g + s. Is q a composite number?
False
Let r(t) = -6684*t - 172. Let h be r(-15). Let i = h - 68007. Is i a composite number?
True
Is 19/((-684)/2629940)*-9 a composite number?
True
Suppose 0 = 4*m - 5*t - 7104, 10*t = -5*m + 6*t + 8921. Suppose 4*u = -5*v + 7358, -2*u - 5*v = m - 5465. Is u a composite number?
True
Let m(f) = -22*f**3 + 6*f**2 - 5*f - 3. Let n be m(2). Let y be 22/n + (-58624)/(-30). Suppose y = -2*p + 4*p. Is p composite?
False
Let v = 46238 + -32762. Let q = v + -8737. Is q prime?
False
Let m = -433 + 433. Suppose m = w + x - 22770, -5*x + 2*x + 9 = 0. Is w a prime number?
False
Let f = 527276 - 166785. Is f prime?
False
Suppose -2*z + 725181 = 5*b, -5*b = -80*z + 75*z + 1812830. Is z composite?
True
Let q be 3*-1 + 2*(-1)/2. Let n(w) = -3*w - 12. Let g be n(q). Suppose g*a + 1219 = a. Is a prime?
False
Let u be -41069*(2 - (-75)/(-35)). Let j = u - -7674. Is j a prime number?
False
Let v(n) = -8*n + 87. Let g be v(10). Suppose g*q = 3*h + 11*q - 33225, 0 = -3*h + q + 33210. Is h a composite number?
False
Let m(t) = 18*t**3 + 2*t - 2. Let b be m(1). Let x = b + -26. Is ((-1217)/(-4))/(x/(-32)) composite?
False
Suppose -116*u = -112*u - 403532. Is u composite?
True
Suppose -t - 33 + 39 = 0. Suppose t*k + 45130 = 134662. Is 10/85 - k/(-34) a composite number?
False
Let s(u) = 36*u**2 + 2. Let r be s(5). Let b = 2260 - r. Suppose 3*o - b = 3937. Is o a prime number?
False
Suppose 0 = -3*h - 5*x + 54, -4*h + 74 = h + 3*x. Let d(l) be the first derivative of l**3/3 + 19*l**2/2 - 19*l - 1. Is d(h) a composite number?
False
Let d be (-70)/(-805) + (-53448)/(-46). Suppose -13261 = -3*k - 5*c + d, -6*k + 28860 = 3*c. Is k prime?
False
Suppose -203*c + 701965 = -47*c - 101*c. Is c composite?
False
Let l be ((4/(-10))/1)/((-11)/110). Suppose 4*j - l*z = -6271 + 19399, 3*j - 2*z - 9851 = 0. Is j composite?
True
Let y(u) = -9*u - 217. Is y(-56) a composite number?
True
Let n = 3693 + 135428. Is n a prime number?
True
Let g = -237 - -242. Let x(i) = 22*i**2 - 34*i - 1. Is x(g) composite?
False
Let y(x) = x**3 - x**2 - x + 10163. Let p be y(0). Suppose 4*h + 1925 = 4*k - p, 2*k - 6074 = -4*h. Is k composite?
True
Let q(k) = 2*k**3 - k**2 - 58*k + 90. Let c be q(6). Suppose b + 11 = 546. Let p = c + b. Is p a composite number?
False
Is (384620/(-16))/(-10 - (-825)/88) a prime number?
False
Suppose -u + 42714 = -4*u. Let d = u + 21233. Is d a prime number?
False
Let l(f) = 103*f**2 + 2*f + 27. Let g be l(-7). Let t = g + -2527. Is t a prime number?
False
Suppose -28*y + 20 = -32*y, -y - 24632 = -3*k. Is k a composite number?
False
Suppose -4*x = -2*a + 25 - 33, 3*x - 6 = -3*a. Let g(l) = -l**3 + 3*l**2 + l + 5471. Is g(a) prime?
True
Let i(u) = 2*u + 2. Let s be i(-1). Suppose s = 15*q - 8*q - 5411. Suppose 3*c - 353 = 5*o - 1660, -3*o + q = c. Is o composite?
True
Let r(g) = 7*g + 85. Let d be r(-13). Is ((-100221)/(-99))/(-2 - 14/d) composite?
False
Let m(y) = y**3 + 5*y**2 + 4*y + 1009897. Is m(0) a prime number?
False
Suppose 199*b + 203 = 206*b. Let x = b - -848. Is x composite?
False
Suppose w - 86473 = 2730. Is w a composite number?
False
Suppose -6*y + 8*